 divisor of q and 1349.
71
Let p be (-6)/15 - 0 - 282/(-5). Suppose 20*u = 16*u + p. Calculate the greatest common factor of u and 21.
7
Suppose -17*r + 12908 = -3*r. Let n = -898 + r. Calculate the greatest common factor of n and 1488.
24
Suppose 2*z + 5*f - 1692 = 7*f, -5*f + 1727 = 2*z. Calculate the greatest common factor of 115 and z.
23
Suppose 635*q - 634*q + 1342 = 4*a, -670 = -2*a + q. Let x = 8 - -13. What is the highest common factor of a and x?
21
Let i be 4 + (12699/9 - -13). Calculate the greatest common divisor of 28 and i.
28
Let s be 835632/192*(-24)/(-9). What is the greatest common divisor of s and 14?
14
Let b be 595/(-238) - (-18045)/6. What is the highest common divisor of 10 and b?
5
Let l = 477 + -187. Let m be (-814)/(-7) - (-6)/(-21). Calculate the greatest common divisor of l and m.
58
Suppose -142 + 303 = 7*d. Let h be 12/3 - (-7)/2*58. What is the greatest common divisor of d and h?
23
Let w(u) = u**2 - 2*u - 3. Let k be w(-4). Let s be -4 + -1 + 111 + 3. Let o = s - -38. What is the greatest common factor of o and k?
21
Let t(f) = 10*f**3 + f + 9. Let s be t(3). Let b = s + -271. Calculate the greatest common factor of b and 275.
11
Suppose -5*s - 4*l + 0*l = 839, -4*l = 4*s + 672. Let z = -92 - s. What is the highest common factor of 30 and z?
15
Suppose 4*l + 12 = 2*o + 30, 3 = -3*o. Let b be l/8*-2 + 9. Calculate the highest common divisor of 68 and b.
4
Let j(t) = 6*t**2 - 139*t + 6. Let s be j(30). What is the greatest common divisor of 12 and s?
12
Let o = 4382 - 2526. Suppose -602 = 6*d - o. What is the highest common factor of 11 and d?
11
Suppose -2*u + 4*k + 6 = 0, 2*k = 36*u - 34*u - 10. Suppose -11*q + 315 = -2*q. What is the highest common factor of q and u?
7
Suppose 0 = 109*p - 145904 - 343397. What is the highest common factor of 134 and p?
67
Suppose x + 1343 = 2*u - 623, -4*x - 4921 = -5*u. Let z(f) = -f**3 - 42*f**2 + 76*f - 519. Let k be z(-44). Calculate the highest common divisor of u and k.
9
Suppose -u + 735 + 262 = l, u = -4*l + 3994. Let j = 5364 + -5253. Calculate the highest common factor of j and l.
111
Let t = 1681 + -1576. Calculate the greatest common divisor of 555 and t.
15
Let a = -19878 - -19965. Let h = -293 + 438. Calculate the greatest common divisor of a and h.
29
Let n be ((-5772)/592)/(9/(-1848)). What is the highest common factor of 3146 and n?
286
Let y(k) = k**3 + 21*k**2 - 48*k - 42. Let v be y(-23). Let n be v/(-22) - (-134524)/572. What is the greatest common factor of 94 and n?
47
Let l(p) = -p**2 + 6*p. Let q be l(3). Suppose 128 = -q*a + 1262. Calculate the greatest common factor of 42 and a.
42
Let r = -821 - -842. Let h = -2249 - -3585. Suppose h = 4*m + 412. Calculate the highest common divisor of m and r.
21
Suppose 3*t = 5*l + 331 + 633, 2*t - 2*l - 640 = 0. Suppose -3*i + 9*i - t = 0. What is the greatest common divisor of i and 477?
53
Suppose 2*b = 1 - 37. Let z(s) = -3*s - 46. Let a be z(b). Let t = 6 + 34. What is the greatest common divisor of a and t?
8
Suppose 231*t - 214*t = 35326. Suppose -t + 542 = -8*q. Calculate the greatest common divisor of q and 128.
64
Let r = 10 - 30. Let f be 291/9 - (r/12 - -2). Let z be 3/(-9) + (-26)/(-6). Calculate the greatest common divisor of z and f.
4
Suppose -9*r - 3061 = -3214. What is the highest common divisor of r and 4063?
17
Let c(u) = 13*u + 31. Let v be c(-4). Let k = 84 + v. Calculate the highest common divisor of 3 and k.
3
Suppose -16*q + 2*q + 56 = 0. Suppose -q*x = -2*y + 144, -9*x = -14*x. Calculate the highest common factor of 54 and y.
18
Let o(l) = 578*l - 3974. Let a be o(7). What is the highest common divisor of a and 1208?
8
Let m(o) = 16*o**2 + 74*o + 806. Let x be m(-18). Calculate the greatest common divisor of x and 102.
34
Let o(y) = y - 16. Let a be o(19). Suppose -2*c = -5*m + 726, -a*m = c - 377 - 63. Let x = -82 + m. Calculate the highest common factor of 96 and x.
32
Suppose -5*v - 48 - 106 = -4*u, 2*v + 105 = 3*u. Let k(c) = 4*c**2 + 8*c - 4. Let h be k(-9). Calculate the highest common factor of u and h.
31
Let d be (-176)/(-4) - (-17 + 17). Calculate the highest common divisor of d and 792.
44
Let g(b) = -10*b + 78. Let r be g(7). Suppose r*c - 392 = c. Calculate the highest common factor of c and 154.
14
Let o = 8606 - 8396. Calculate the greatest common divisor of o and 693.
21
Let c be (-7 + 6)*2 + (7884 - 1). Calculate the greatest common divisor of 111 and c.
111
Suppose 0 = 5*m - 3*l - 72936, 0 = -m + l - 8618 + 23206. Suppose 15*q = -19*q + m. Calculate the highest common factor of q and 39.
39
Let g = -12 - -58. Let c = g + -21. Suppose -294 = -4*b - 2*k, -5*k + 138 = 2*b - k. What is the greatest common factor of b and c?
25
Let g be -10*4/5 + 120. Calculate the greatest common factor of g and 7.
7
Suppose -9*r + 654 = -390. Let c(f) = -f**3 - 14*f**2 - 19*f - 12. Let o be c(-13). Let g = r - o. What is the highest common divisor of g and 10?
10
Suppose 11*d - 803 = 341. Suppose 5*u - 15 = -3*b + 55, 4*b = -4*u + d. What is the greatest common factor of 30 and b?
30
Suppose 30*z - 660 = -11*z - 14*z. What is the greatest common factor of z and 10344?
12
Suppose 0 = 66*z - 665 - 1051. What is the highest common factor of z and 832?
26
Let x(u) = -15*u + 117. Let v be x(5). What is the greatest common factor of 2247 and v?
21
Suppose 331397 = 35*w - 9048. Calculate the greatest common factor of w and 274.
137
Let z be 36 + -50 - (-18 + 3). What is the highest common factor of z and 1181?
1
Let r(s) = -7*s - 1. Let w be r(-3). Let p(l) = -10*l**3 + 29*l**2 - 365*l - 1366. Let c be p(-3). Calculate the greatest common factor of w and c.
20
Let l(k) be the second derivative of -k**5/20 + 2*k**4/3 + 35*k**3/6 - 6*k**2 + 77*k. Let s be l(11). Calculate the greatest common divisor of s and 65.
5
Let g(r) = -r**2 - 9*r - 15. Let p be g(-6). Suppose -9*l + p*l = -30. Suppose 0 = l*t + 25, -23 = c + t - 130. What is the highest common divisor of c and 14?
14
Let k = -15754 + 15794. What is the greatest common divisor of k and 3880?
40
Suppose -336 = -2*d - 2*d. Let g be 1/(6*14/1260) + -1. Calculate the greatest common divisor of g and d.
14
Let q be 16/(-40)*(-7)/((-140)/25)*-186. What is the highest common divisor of 1023 and q?
93
Suppose 3*d - 4*d + 17 = 2*p, -5*d = 15. Suppose 32 = -6*a + p*a. Let x be 6/16 - (-125)/a. Calculate the highest common divisor of x and 8.
8
Let f be ((-6)/12)/((-2)/12). Suppose 8 = -2*y + 10, -303 = -5*o - f*y. What is the highest common divisor of o and 45?
15
Let z(x) = 5*x + x + 8*x + 119 - 8*x. Let m be z(-13). Calculate the highest common factor of 82 and m.
41
Suppose 2*c + 8 = 0, -23*c - 295 = -5*h - 18*c. Calculate the highest common divisor of 33 and h.
11
Let c(d) = 2*d**2 + 186*d - 5264. Let f be c(24). What is the highest common factor of 264 and f?
88
Let b(s) = -17 - 14 + 0*s - 2 - 3*s. Let f be b(-11). Let j(n) = n + 8. Let o be j(f). What is the highest common factor of 72 and o?
8
Let k(o) = o**2 + 35*o + 1332. Let h be k(-74). Calculate the highest common factor of 296 and h.
74
Let u(k) = 2*k**2 - 34*k + 419. Let g be u(10). What is the greatest common divisor of g and 1023?
93
Let v(n) = 141*n**2 - 61*n - 10. Let b be v(1). Let p(r) = r**2 - 2*r + 8. Let o be p(8). What is the highest common divisor of o and b?
14
Suppose 2*z = 3*y - 272, -3*y - 3*z + 247 + 35 = 0. Calculate the highest common divisor of y and 4876.
92
Let a(n) = 400*n + 3614. Let c be a(5). What is the greatest common divisor of 14 and c?
14
Let f be -3 + -2 + (-36)/(-4). Let t be (f/6)/(43/11610). Calculate the highest common factor of t and 40.
20
Let i = 14574 - -24076. Calculate the highest common divisor of 50 and i.
50
Let m = 237947 + -237435. Let x be 4*96*(-1)/(-2). Calculate the greatest common factor of m and x.
64
Suppose 4*p - 26 = 2*p. Let w = 574 + -565. Suppose -w*r + 7*r + 52 = 0. What is the greatest common factor of r and p?
13
Suppose -2741 - 10596 + 1567 = -214*c. Calculate the highest common factor of c and 891.
11
Let n be 4/(3/((-306)/(-4))). Suppose -356 = -4*p - 9*f + 5*f, -3*p - 5*f = -259. Suppose 75*d = 357 + p. What is the greatest common divisor of n and d?
6
Let r = -20 - -30. Let l be (12/r)/(57/190). Suppose 0*i + 5*i - 8 = 